common factor of b and 11?
11
Suppose 31*g - 30*g - 592 = 0. Let i(d) = 3*d**2 + 2*d + 4. Let n be i(3). Calculate the highest common factor of n and g.
37
Suppose 4*t - 666 = 5*r, -r = 5*t - 3*r - 807. What is the greatest common factor of 2544 and t?
159
Let d be (-10)/55 - 136/(-22). Suppose d*u + 129 = 7*u. What is the greatest common divisor of 43 and u?
43
Let s be (-6)/(-15) - 198/(-55). Suppose 4*p = -o + 44, -s*o = o - p - 283. Calculate the greatest common divisor of 42 and o.
14
Suppose 4*g = 6*n + 114, 4*g - 169 = -n - 62. Let b(w) = -w**3 - 5*w**2 + 9*w. Let a be b(-9). Calculate the greatest common divisor of g and a.
27
Let h = -2012 - -2677. Calculate the greatest common divisor of h and 95.
95
Let v be (-2*5)/(43/(18060/(-40))). What is the highest common divisor of v and 210?
105
Let b be (-3 - -2)*2 - -3. Let x be -25*b*(-10 + 7). Suppose -4*g + 68*d + 181 = 69*d, -4 = -4*d. Calculate the highest common factor of g and x.
15
Let v = 44 + -39. Suppose -5*m = -v*n + 65, 0*m = m + 4*n + 28. Let i be 14 - (m/(-4) + -2). What is the highest common factor of i and 3?
3
Let o be 60/(-16) + 4/(-16) - -125. What is the highest common factor of o and 1?
1
Let o = -15479 + 15551. What is the highest common factor of 4800 and o?
24
Let a(r) = 46 + 1272*r - 1241*r + 155. Let j be a(-6). What is the highest common divisor of j and 1065?
15
Let c(x) = -222*x - 1076. Let i be c(-18). Calculate the greatest common divisor of i and 220.
20
Let k(d) = d**3 - 6*d**2 + 7*d. Let y be k(5). Let s = -8878 - -8908. What is the greatest common factor of s and y?
10
Let s be 24/(-28) - 349/(-7). Suppose -7 = 2*o - 21. Calculate the greatest common divisor of s and o.
7
Let g = 80268 - 80226. Suppose 0 = 3*o - 597 - 978. What is the highest common factor of g and o?
21
Let t(z) = 6*z**2 + 19*z + 218. Let h be t(-9). Let b = 363 + h. Calculate the greatest common divisor of b and 14.
14
Suppose 4*x - 3*i = -1 - 0, 3*i + 6 = -3*x. Let r(t) = -3 - 45*t - 3 + 7. Let o be r(x). What is the highest common divisor of o and 69?
23
Let g(k) = -k**2 - 133*k + 1316. Let h be g(-84). What is the greatest common divisor of h and 291?
97
Suppose 563 - 84 = 5*p - 4*m, 3*m + 186 = 2*p. Let n = 33 + 0. Calculate the greatest common factor of n and p.
33
Let f(o) = -2. Let c(b) = b - 112. Let w(a) = -c(a) + 6*f(a). Let i be w(29). Calculate the greatest common divisor of 1 and i.
1
Let f(m) = m**3 - 2*m**2 - 4*m - 5. Let g(k) = -2*k**2 - 16*k - 24. Let h be g(-5). Let c be f(h). Calculate the greatest common divisor of c and 46.
23
Let p(h) = 62*h**2 - 258*h - 1021. Let c be p(-4). Calculate the greatest common divisor of 221 and c.
17
Let k(y) = y**3 + 7*y**2 - 2. Let q(p) = p**3 - 15*p**2 + 16*p - 31. Let t be q(14). Let u be k(t). What is the highest common factor of 153 and u?
17
Suppose -3*p + 21 = 2*v - 1, -4*v + p + 44 = 0. Calculate the highest common factor of v and 17072.
11
Let q be 2/(-3) - 2780/(-12). Suppose 3*x = 5*v - 34 - 6, -3*x = 15. Suppose -6*l = -v*l - 33. What is the highest common divisor of l and q?
33
Suppose -1407*s - 1199 = -1396*s. Let t = -107 - s. Let p = 11 + 21. Calculate the greatest common divisor of p and t.
2
Let r be ((-770)/(-140))/((-1)/(-4)). Let k = 281 - r. Calculate the greatest common divisor of 14 and k.
7
Suppose 50 = -2*v - 6*w + 2*w, -3*v + 3*w = 48. Let l = -2923 - -2957. Let x = l + v. Calculate the highest common factor of 165 and x.
15
Let m be ((-4)/(-10))/((-270)/(-3375)). What is the greatest common factor of m and 535?
5
Suppose -151*u - 4762 + 6876 = 0. What is the highest common factor of u and 623?
7
Let s(k) = -k**2 + 32*k - 28. Let a be s(28). Let u be ((-14)/(-3))/(-2 + 176/a). What is the greatest common divisor of 7 and u?
7
Suppose 828 = -101*i + 170*i. Calculate the highest common factor of 13404 and i.
12
Let s(r) be the third derivative of -r**6/120 - r**5/12 + 2*r**3/3 + 9*r**2. Let m be s(-5). Let k = m + 66. Calculate the highest common divisor of 14 and k.
14
Suppose -5*p = 2*a - 14, -2*p = 5*a - 0*p - 35. Suppose -4*k = -a*k + 3*x + 108, -3*k = 4*x - 129. What is the highest common factor of 52 and k?
13
Let m(j) = 9*j - j**2 + j**2 - j**2 - 9. Let s be m(6). Let c(p) = 13*p - 28. Let r be c(7). What is the highest common divisor of r and s?
9
Suppose -8*u + u = -420. Suppose -4 = -c + u. Let p = 214 - c. What is the highest common factor of 60 and p?
30
Let v be (-900)/(-105)*(-14)/(-4). Let y(d) = 2*d**2 + 24*d - 11. Let o be y(-14). What is the greatest common divisor of o and v?
15
Suppose 46*i - 96 = 44*i. Let o = -13 + i. Let t = 24 + -10. Calculate the greatest common divisor of t and o.
7
Let a be (1 + 33/15)/((-3)/(-15)). Suppose 58 - 170 = -a*d. Let v = 22 + -15. Calculate the greatest common divisor of v and d.
7
Suppose -5*d = -130 + 80. Suppose d*f - 5*f = 15. Let s be (f/2)/((-36)/(-696)). What is the greatest common factor of s and 145?
29
Let x be (-23)/1*-1 + 0. Let v(h) = h**3 - 31*h**2 - 18*h + 719. Let m be v(31). Calculate the greatest common factor of m and x.
23
Let s be ((-704)/(-48) - 1) + -15 + (-26)/(-6). Let b(p) = -10*p - 1. Let q be b(-4). Calculate the highest common divisor of s and q.
3
Suppose 19325 = 3*k + 2*w, -45*k + 46*k - 6423 = 4*w. Calculate the highest common factor of 274 and k.
137
Let p(r) = 2*r**3 + 37*r**2 + 14*r - 4. Let k be p(-18). Let d be 81/(-18)*(7 - 1). Let c = d + k. What is the greatest common divisor of c and 82?
41
Let f be 5/((-7)/(-9) - (-16)/72). Calculate the greatest common divisor of f and 15.
5
Let x be (-2 - 2)/((-62)/155). What is the highest common divisor of x and 12790?
10
Let w = -2816 - -2840. Suppose -6*m + 33 = -147. Calculate the highest common divisor of w and m.
6
Suppose 5*t - 807 = 3*b - 5*b, -2*t + 2*b = -320. Suppose -t = -4*q + 119. What is the highest common factor of q and 21?
7
Let j be (98/(-245))/((-578)/(-290) + -2). Suppose -d + 24 = -2*x - 6, 2*d - j = 3*x. What is the highest common factor of 26 and d?
26
Let u(j) = 40*j + 33. Let f(k) = -k + 5. Let l be f(-6). Let m be u(l). Let x = m + -323. Calculate the highest common factor of x and 10.
10
Let a(y) = y**3 + 5*y**2 + y + 19. Let n be a(-4). Let u = -3 + 3. Suppose w + m = 35, -2*w - 4*m + 78 = -u*m. Calculate the highest common divisor of w and n.
31
Suppose 6*r - 11*r = -1215. Let i(p) = 4*p**2 - 3*p + 9. Let k be i(0). What is the highest common factor of k and r?
9
Let s = -5461 - -5689. Calculate the highest common factor of 132 and s.
12
Let u be (-192)/(-18)*(81/(-6))/(-1). Let t(b) = b**3 + 6*b**2 + 14*b + 32. Let o be t(-4). Calculate the greatest common divisor of u and o.
8
Suppose -69*c + 25451 + 5599 = 0. Calculate the greatest common divisor of c and 234.
18
Suppose -3*j - 3*r + 11931 = 0, -4*j - 9249 = -5*r - 25148. Suppose 0*o = 7*o - j. Suppose 0 = 6*c - o - 158. Calculate the highest common factor of c and 11.
11
Suppose 5*f = -2*d + 125, -6*f - 21 = -9*f. What is the greatest common divisor of d and 1593?
9
Let c be (5/((-40)/(-496)))/(-3 + 4). Let r be ((-1)/(-3))/(4/36). Suppose 0 = 5*f + 3*d - 468, r*d + 0 = 3. What is the greatest common factor of c and f?
31
Let j = -23612 - -24989. Calculate the highest common divisor of 1173 and j.
51
Let c(x) = x**3 - 26*x**2 - 3*x + 78. Let y be c(26). Suppose 32*q + 9 - 969 = y. Calculate the greatest common divisor of q and 140.
10
Let n(w) = 345*w + 2. Let x be n(0). Suppose -6*l + 8 = -2*l. Calculate the greatest common factor of l and x.
2
Let u be 1 - (-1)/((-1)/(-32)). Let k = 643 + -632. Let g = u - k. What is the greatest common divisor of 22 and g?
22
Suppose 5*p - 324 = 38*n - 41*n, 0 = -p - n + 64. What is the greatest common factor of 570 and p?
6
Suppose -6*s = 2*s + 1824. Let d be (-8362)/(-12) + (-38)/s. What is the greatest common factor of 41 and d?
41
Suppose -133 - 225 + 6 = -16*s. Calculate the highest common factor of 12001 and s.
11
Suppose -9634 = 506*d - 62*d - 78898. What is the highest common factor of d and 8762?
26
Let p(l) = -11*l - 1. Let w be p(-1). Let n be (47/(-235))/((-6)/750). What is the greatest common factor of n and w?
5
Suppose 4*r + 30 = 9*r. Suppose 784 = r*a + a. Let k = 9 + 5. Calculate the greatest common factor of k and a.
14
Suppose 4*q - 2